{"id":8,"date":"2021-04-12T14:12:26","date_gmt":"2021-04-12T12:12:26","guid":{"rendered":"http:\/\/servidis25.fr\/?page_id=8"},"modified":"2023-04-07T14:25:37","modified_gmt":"2023-04-07T12:25:37","slug":"accueil","status":"publish","type":"page","link":"https:\/\/servidis25.fr\/","title":{"rendered":""},"content":{"rendered":"\n<div class=\"is-layout-flow wp-block-group\"><div class=\"wp-block-group__inner-container\">\n<p class=\"has-text-align-center\" style=\"font-size:23px\">Acc\u00e8s rapide vers nos catalogues:<\/p>\n<\/div><\/div>\n\n\n\n<div class=\"is-horizontal is-content-justification-center is-layout-flex wp-container-2 wp-block-buttons\">\n<div class=\"wp-block-button has-custom-width wp-block-button__width-100 is-style-outline\"><a class=\"wp-block-button__link has-luminous-vivid-orange-color has-text-color wp-element-button\" href=\"https:\/\/www.dropbox.com\/scl\/fo\/ofcelk3u5wb57ey70oend\/h?dl=0&amp;rlkey=cb3c2zueyoqupjcf88hu5zqpx\" style=\"border-radius:31px\" target=\"_blank\" rel=\"noreferrer noopener\">Catalogues<\/a><\/div>\n\n\n\n<div class=\"wp-block-button has-custom-width wp-block-button__width-100 is-style-outline\"><a class=\"wp-block-button__link has-vivid-green-cyan-color has-text-color wp-element-button\" href=\"https:\/\/www.dropbox.com\/sh\/b3y38dd3f9xdrqr\/AADPTvg1Idnf3AdvxY_5yjuVa?dl=0\" target=\"_blank\" rel=\"noreferrer noopener\">Collectivit\u00e9s &#8211; Restauration Hors Foyer<\/a><\/div>\n<\/div>\n\n\n\n<p> <\/p>\n\n\n\n<hr class=\"wp-block-separator has-css-opacity\"\/>\n\n\n\n<p style=\"font-size:25px\">Qui sommes nous ?<\/p>\n\n\n\n<p class=\"has-text-align-left has-text-align-justify\">Servidis a \u00e9t\u00e9 fond\u00e9e en 1994 par Patrice Hans, \u00e0 l\u2019\u00e9poque les locaux \u00e9taient bas\u00e9s \u00e0 Grand-Charmont. Dans une grange am\u00e9nag\u00e9e sp\u00e9cialement pour son activit\u00e9. Rapidement, le nombre de clients a \u00e9volu\u00e9, les locaux sont alors devenus trop petits et inadapt\u00e9s. C\u2019est donc en 2001 que le b\u00e2timent orange a vu le jour. Afin d\u2019obtenir un outil parfaitement adapt\u00e9, les locaux ont \u00e9t\u00e9 agrandis en 2011.<\/p>\n\n\n\n<p class=\"has-text-align-left\">Ainsi, Servidis dispose de 15 quais de chargements, 800m2 et surtout de 30 collaborateurs.<\/p>\n\n\n\n<figure class=\"wp-block-embed is-type-video is-provider-youtube wp-block-embed-youtube wp-embed-aspect-16-9 wp-has-aspect-ratio\"><div class=\"wp-block-embed__wrapper\">\n<iframe loading=\"lazy\" title=\"Servidis - Distributeur de saveurs\" width=\"525\" height=\"295\" src=\"https:\/\/www.youtube.com\/embed\/TagjmlZdLaQ?feature=oembed\" frameborder=\"0\" allow=\"accelerometer; autoplay; clipboard-write; encrypted-media; gyroscope; picture-in-picture; web-share\" allowfullscreen><\/iframe>\n<\/div><\/figure>\n\n\n\n<p>Chaque semaines, nos 15 camions passent et repassent chez vous. Quoi de mieux pour vous procurer des produits frais semaines apr\u00e8s semaines ?<\/p>\n\n\n\n<figure class=\"wp-block-image size-large is-resized\"><img decoding=\"async\" loading=\"lazy\" src=\"http:\/\/servidis25.fr\/wp-content\/uploads\/2021\/04\/Chalandise-1-1024x899.jpg\" alt=\"\" class=\"wp-image-50\" width=\"668\" height=\"586\" srcset=\"https:\/\/servidis25.fr\/wp-content\/uploads\/2021\/04\/Chalandise-1-1024x899.jpg 1024w, https:\/\/servidis25.fr\/wp-content\/uploads\/2021\/04\/Chalandise-1-300x263.jpg 300w, https:\/\/servidis25.fr\/wp-content\/uploads\/2021\/04\/Chalandise-1-768x674.jpg 768w, https:\/\/servidis25.fr\/wp-content\/uploads\/2021\/04\/Chalandise-1-1536x1349.jpg 1536w, https:\/\/servidis25.fr\/wp-content\/uploads\/2021\/04\/Chalandise-1-2048x1798.jpg 2048w\" sizes=\"(max-width: 668px) 100vw, 668px\" \/><\/figure>\n\n\n\n<p><\/p>\n","protected":false},"excerpt":{"rendered":"<p>Qui sommes nous ? Servidis a \u00e9t\u00e9 fond\u00e9e en 1994 par Patrice Hans, \u00e0 l\u2019\u00e9poque les locaux \u00e9taient bas\u00e9s \u00e0 Grand-Charmont. Dans une grange am\u00e9nag\u00e9e sp\u00e9cialement pour son activit\u00e9. Rapidement, le nombre de clients a \u00e9volu\u00e9, les locaux sont alors devenus trop petits et inadapt\u00e9s. C\u2019est donc en 2001 que le b\u00e2timent orange a vu &hellip; <\/p>\n<p class=\"link-more\"><a href=\"https:\/\/servidis25.fr\/\" class=\"more-link\">Continue reading<span class=\"screen-reader-text\"> &#8220;&#8221;<\/span><\/a><\/p>\n","protected":false},"author":1,"featured_media":0,"parent":0,"menu_order":0,"comment_status":"closed","ping_status":"closed","template":"","meta":[],"_links":{"self":[{"href":"https:\/\/servidis25.fr\/index.php?rest_route=\/wp\/v2\/pages\/8"}],"collection":[{"href":"https:\/\/servidis25.fr\/index.php?rest_route=\/wp\/v2\/pages"}],"about":[{"href":"https:\/\/servidis25.fr\/index.php?rest_route=\/wp\/v2\/types\/page"}],"author":[{"embeddable":true,"href":"https:\/\/servidis25.fr\/index.php?rest_route=\/wp\/v2\/users\/1"}],"replies":[{"embeddable":true,"href":"https:\/\/servidis25.fr\/index.php?rest_route=%2Fwp%2Fv2%2Fcomments&post=8"}],"version-history":[{"count":22,"href":"https:\/\/servidis25.fr\/index.php?rest_route=\/wp\/v2\/pages\/8\/revisions"}],"predecessor-version":[{"id":89,"href":"https:\/\/servidis25.fr\/index.php?rest_route=\/wp\/v2\/pages\/8\/revisions\/89"}],"wp:attachment":[{"href":"https:\/\/servidis25.fr\/index.php?rest_route=%2Fwp%2Fv2%2Fmedia&parent=8"}],"curies":[{"name":"wp","href":"https:\/\/api.w.org\/{rel}","templated":true}]}}

<div class="is-layout-flow wp-block-group"><div class="wp-block-group__inner-container">
<p class="has-text-align-center" style="font-size:23px">Accès rapide vers nos catalogues:</p>
</div></div>



<div class="is-horizontal is-content-justification-center is-layout-flex wp-container-2 wp-block-buttons">
<div class="wp-block-button has-custom-width wp-block-button__width-100 is-style-outline"><a class="wp-block-button__link has-luminous-vivid-orange-color has-text-color wp-element-button" href="https://www.dropbox.com/scl/fo/ofcelk3u5wb57ey70oend/h?dl=0&amp;rlkey=cb3c2zueyoqupjcf88hu5zqpx" style="border-radius:31px" target="_blank" rel="noreferrer noopener">Catalogues</a></div>



<div class="wp-block-button has-custom-width wp-block-button__width-100 is-style-outline"><a class="wp-block-button__link has-vivid-green-cyan-color has-text-color wp-element-button" href="https://www.dropbox.com/sh/b3y38dd3f9xdrqr/AADPTvg1Idnf3AdvxY_5yjuVa?dl=0" target="_blank" rel="noreferrer noopener">Collectivités &#8211; Restauration Hors Foyer</a></div>
</div>



<p> </p>



<hr class="wp-block-separator has-css-opacity"/>



<p style="font-size:25px">Qui sommes nous ?</p>



<p class="has-text-align-left has-text-align-justify">Servidis a été fondée en 1994 par Patrice Hans, à l’époque les locaux étaient basés à Grand-Charmont. Dans une grange aménagée spécialement pour son activité. Rapidement, le nombre de clients a évolué, les locaux sont alors devenus trop petits et inadaptés. C’est donc en 2001 que le bâtiment orange a vu le jour. Afin d’obtenir un outil parfaitement adapté, les locaux ont été agrandis en 2011.</p>



<p class="has-text-align-left">Ainsi, Servidis dispose de 15 quais de chargements, 800m2 et surtout de 30 collaborateurs.</p>



<figure class="wp-block-embed is-type-video is-provider-youtube wp-block-embed-youtube wp-embed-aspect-16-9 wp-has-aspect-ratio"><div class="wp-block-embed__wrapper">
<iframe loading="lazy" title="Servidis - Distributeur de saveurs" width="525" height="295" src="https://www.youtube.com/embed/TagjmlZdLaQ?feature=oembed" frameborder="0" allow="accelerometer; autoplay; clipboard-write; encrypted-media; gyroscope; picture-in-picture; web-share" allowfullscreen></iframe>
</div></figure>



<p>Chaque semaines, nos 15 camions passent et repassent chez vous. Quoi de mieux pour vous procurer des produits frais semaines après semaines ?</p>



<figure class="wp-block-image size-large is-resized"><img decoding="async" loading="lazy" src="http://servidis25.fr/wp-content/uploads/2021/04/Chalandise-1-1024x899.jpg" alt="" class="wp-image-50" width="668" height="586" srcset="https://servidis25.fr/wp-content/uploads/2021/04/Chalandise-1-1024x899.jpg 1024w, https://servidis25.fr/wp-content/uploads/2021/04/Chalandise-1-300x263.jpg 300w, https://servidis25.fr/wp-content/uploads/2021/04/Chalandise-1-768x674.jpg 768w, https://servidis25.fr/wp-content/uploads/2021/04/Chalandise-1-1536x1349.jpg 1536w, https://servidis25.fr/wp-content/uploads/2021/04/Chalandise-1-2048x1798.jpg 2048w" sizes="(max-width: 668px) 100vw, 668px" /></figure>



<p></p>

<p>Qui sommes nous ? Servidis a été fondée en 1994 par Patrice Hans, à l’époque les locaux étaient basés à Grand-Charmont. Dans une grange aménagée spécialement pour son activité. Rapidement, le nombre de clients a évolué, les locaux sont alors devenus trop petits et inadaptés. C’est donc en 2001 que le bâtiment orange a vu &hellip; </p>
<p class="link-more"><a href="https://servidis25.fr/" class="more-link">Continue reading<span class="screen-reader-text"> &#8220;&#8221;</span></a></p>
